y - 16*n + 11*n - 207 = 0. Calculate the remainder when 374 is divided by y.
54
Let p(g) = -g**3 - 15*g**2 + 42*g - 54. What is the remainder when p(-19) is divided by 163?
103
Let w = -530 + 542. Suppose -506 = b - w*b. What is the remainder when b is divided by 18?
10
Suppose -5*s + 230 = 2*j, -j = j - s - 242. Let p = 141 - j. Calculate the remainder when 98 is divided by p.
14
Suppose 82 = 14*q - 30. Calculate the remainder when 13 + -10 + q*15 is divided by 16.
11
Let n be 1/1*((-8)/(-1) + -3). Suppose -3*r + 16 = -3*s - 80, 0 = 5*r + n*s - 180. What is the remainder when r is divided by -3*(-3)/1*1?
7
Suppose -3*w + 3*v = 13 - 460, 2*w = 4*v + 290. What is the remainder when 762 is divided by w?
150
Let z = -60 - -79. Suppose -a - 3*a - 2*g = 112, -28 = a - 5*g. Let n = 27 - a. What is the remainder when n is divided by z?
17
Let b(y) = y**3 - 2*y**2. Suppose 35*p + 249 - 4 = 0. What is the remainder when 90/(-48)*(-1 + p) is divided by b(3)?
6
Let g(t) = 7*t + 9. Let r = -37 - -93. Let z = r - 32. What is the remainder when g(7) is divided by z?
10
Let p(b) = 52*b - 290. Let u be p(6). Suppose -y + u = -12. Suppose -3*v = -j - 8, 9*j = 4*j + 5*v + 10. Calculate the remainder when y is divided by j.
6
Suppose -v = -4*t - 3, 0 = -0*t - 2*t + 4*v + 2. Calculate the remainder when 53 is divided by 36 + -25 - (-2 + t).
11
Let a = 4948 - 4905. What is the remainder when 384 is divided by a?
40
Let l = 18258 - 18200. What is the remainder when 287 is divided by l?
55
Let s(w) = 3*w**3 - 35*w**2 - 6*w + 15. Let t be s(13). Let d = t + -604. What is the remainder when 86 is divided by d?
5
Let z be (0/(-1))/(6/6). Suppose z = 5*v + 21*v - 156. What is the remainder when 57 is divided by v?
3
Suppose 5 = -t, 0 = 4*u + 4*t - 9*t - 2753. What is the remainder when u is divided by 136?
2
Let q(v) = -v**2 - 87*v + 4. Calculate the remainder when 270 is divided by q(-84).
14
Let u = -173147 - -173231. Calculate the remainder when u is divided by 1*-34*2/(-4).
16
Suppose 10*k - 51001 + 49341 = 0. Calculate the remainder when 7466 is divided by k.
162
Let p = 71 - 58. What is the remainder when -2 + 54 - 9/3 is divided by p?
10
Suppose 6622 + 6492 = 19*r + 3386. What is the remainder when r is divided by 108?
80
Suppose -3*q - 28 = -40. Suppose 0 = -5*h - 13 - 12, 4*d - 52 = q*h. Suppose 0 = -3*y - d*y + 1155. What is the remainder when y is divided by 36?
33
Suppose d = -0*d - a + 15, 2*d + 5*a - 33 = 0. Suppose -d*c + 1886 = -2174. Calculate the remainder when c is divided by 14.
10
Let y = 132 + 1530. Calculate the remainder when 26/(-65) - y/(-5) is divided by 26.
20
Let n be (-4)/(-14) + (3169/7 - 4). Let a = n - 394. What is the remainder when 163 is divided by a?
53
Let s(h) = h**3 - 8*h**2 + 9*h - 8. Let u be s(7). Suppose 224 = u*m - 100. What is the remainder when m is divided by 12?
6
Suppose -4*y = 16, 5*o = y + 109 + 80. What is the remainder when -19 - ((-14)/(-168) + 8404/(-48)) is divided by o?
8
Suppose -11*r = 10*r - 5628. Calculate the remainder when r is divided by 134.
0
Let m(t) = -t**3 + 11*t**2 + 11*t + 13. What is the remainder when 1*1/4 + 3510/520 is divided by m(12)?
0
Suppose -10*f + 152 = -28. Suppose 0 = -5*a - 4*s + 8, -3*a - s + 5 = 3. Suppose a = -7*p - f + 151. Calculate the remainder when 73 is divided by p.
16
Suppose 2*g = g. Suppose g = -4*o + o + 42. Suppose 31*i = -25*i + 93*i - 2516. Calculate the remainder when i is divided by o.
12
Suppose -151*l + 486 = -1930. What is the remainder when 106 is divided by l?
10
Let v = -98 + 204. Suppose -v = 5*t - 711. What is the remainder when t is divided by 14?
9
Let r = -17864 - -18544. What is the remainder when r is divided by 18?
14
Let a = -166 - -179. Suppose -a*g - 2*f = -12*g - 13, -5*f - 62 = -2*g. What is the remainder when 144 is divided by g?
18
Let h(p) = 29*p + 1. Let r be h(1). Suppose 0 = -8*w - 70 + r. What is the remainder when 123 is divided by 22/(-110) + (-131)/w?
19
Let p = 5084 + -4973. Calculate the remainder when 140 is divided by p.
29
Let b(d) = -d**3 - 9*d**2 - 12*d + 5. Let r be b(-7). Let z(m) = 0*m**2 + 11*m - m**2 + 16 + 2*m**2 + 4. What is the remainder when 3 is divided by z(r)?
1
Suppose 20 = -5*c, -c = -5*v - 535 + 15094. What is the remainder when v is divided by 25?
11
Suppose 32*w = 947 - 179. Let q = -6 - -10. Suppose -3*o = -4*b - 151, 10 + 19 = o + q*b. What is the remainder when o is divided by w?
21
Let y = 35 - 13. Suppose -2*s = 2*q - 36, -12 - 8 = -5*q. Calculate the remainder when y is divided by s.
8
Suppose -224*i + 240*i = 720. What is the remainder when 215 is divided by i?
35
Suppose 10920 = -7532*y + 7553*y. What is the remainder when y is divided by 57?
7
Let o(b) be the first derivative of -b**4/2 - 17*b**3 - 13*b**2 + 7*b - 61. Calculate the remainder when 62 is divided by o(-25).
30
Calculate the remainder when (-32 + -9 - -12)*(-1 + -6) is divided by 188.
15
Let j(t) = -t**3 - t**2 - 14*t - 5. Suppose 30 = -16*m + 12*m - 2*v, -5*v = m + 21. Calculate the remainder when j(m) is divided by 20.
19
Suppose -r - 202 = -2*r + 75. What is the remainder when 1119 is divided by r?
11
Suppose 0 = 7*k + 278 - 1776. Calculate the remainder when k is divided by 214.
0
Let d(v) = -v**2 - 63*v - 48. Let a be d(-14). Let c = a + -623. Calculate the remainder when 41 is divided by c.
11
Let v = -284 + 354. What is the remainder when 101 is divided by (63/(-15))/((-6)/v)?
3
Suppose 13412 + 11353 = 13*b. What is the remainder when b is divided by 83?
79
Suppose x + q + 3 = 3*x, -5*x = -5*q - 5. Suppose -12 = f + 5*d, -11*d + 16 = -3*f - 6*d. What is the remainder when (1 - (-9)/f)*(-170 - -149) is divided by x?
0
Let g = 40 + -36. Suppose -52 + g = -12*w. Calculate the remainder when 7 is divided by w.
3
Suppose 42*s - 8137 = -64*s + 33627. What is the remainder when s is divided by 170?
54
Suppose 77 = 5*z - 2*r, 27 = 2*z + 2*r + r. Suppose 0 = 2*w - 4*f + 3 - z, w - 5 = 3*f. What is the remainder when 35 is divided by (w - 4)/(-4) + 20?
16
Calculate the remainder when 4139 is divided by (-29)/((-261)/(-108))*(5 - (-364)/(-21)).
143
Suppose 0 = 22*w - 25*w + 72. Let v = 2 - 0. Suppose -v*f - w = -3*f. What is the remainder when f is divided by 13?
11
Let t = 19497 - 19459. What is the remainder when 11054 is divided by t?
34
Let n = -51105 + 51286. Calculate the remainder when n is divided by 19 + (-2 - 1) + 3.
10
Let n be 4*6/12 - (1 - 32). Suppose -n*m = -7664 - 4513. What is the remainder when m is divided by 31?
28
Suppose 5*o - o = 36. Suppose 3*p + 300 = -5*j, 0 = -2*j + 2*p - o - 111. Calculate the remainder when 27 is divided by (j/8)/5 + (-50)/(-4).
5
Let o = 21569 - 21381. What is the remainder when o is divided by 161?
27
Let r(q) = q**2 - 4*q + 2. Let g be r(2). What is the remainder when 190/((-15)/(-540)*24) is divided by (-1 - g)/(3/72)?
21
Suppose 115 = -18*f + 4*f + 367. What is the remainder when 234 is divided by f?
0
Calculate the remainder when 2907 is divided by -2 + 5 + 270/18.
9
Let f = -75 + 73. What is the remainder when ((-5)/(-2))/((-8)/(-304)) is divided by (12 - -38)*(-1)/f?
20
Suppose 3*w + 3*i - 180 = 0, 144 - 24 = 2*w - 5*i. Suppose 77*r - 784 = 10381. What is the remainder when r is divided by w?
25
Let y(u) = u**3 - 12*u**2 + u - 7. Let v = 74 - 48. Let x = v + -17. What is the remainder when x is divided by y(12)?
4
Let o(n) = -n**2 - 13*n - 17. Suppose -x = 2*h - 398, -2*h - 4*x + 164 = -234. Calculate the remainder when h is divided by o(-7).
24
Let w(a) = -196*a + 3735. Let i(u) = 6*u**2 - 2*u**2 + 2 - 2*u - u. Calculate the remainder when i(3) is divided by w(19).
7
Suppose -6*y + 96 = -14*y. Calculate the remainder when 20 is divided by y/(13 + -7) - 16/(-2).
2
Suppose -44 + 15 = -4*d + 5*g, -d + 3*g + 16 = 0. Let z = d - -5. Suppose -z*y + 5 = -85. What is the remainder when 28 is divided by y?
13
Suppose -x + 5 = -0*x. Let w(f) = f**3 + 4*f**2 + 6*f + 12. Let v be w(-4). Calculate the remainder when (1044/48)/((-9)/v) is divided by x.
4
Let t(m) = 139*m - 1378. What is the remainder when 4830 is divided by t(11)?
149
Let j(h) = h**2 + 10*h + 36. Let u be j(-5). Suppose 0 = 5*v - u - 4. Suppose -v*l - 6*l = -882. Calculate the remainder when l is divided by 17.
13
Suppose 4*h - 234 = -